 be 4/(-2) + 29 + 0. Calculate the highest common divisor of v and k.
3
Let y = 82 - 119. Let c = -33 - y. Suppose 77 = c*a - 15. What is the highest common divisor of a and 46?
23
Let p be (-1)/(-4) + (-927)/(-4). Let w(l) = -80*l + 3608. Let x be w(45). Let r be 7 + p/(-32) + 194/x. Calculate the greatest common factor of 24 and r.
24
Let q be 1*(2 - 4)*-1. Let v be (-22)/(-1) + 0*q/(-10). Suppose 23*h - v*h = 12. What is the highest common divisor of 36 and h?
12
Let v = 393 + -389. Let r be (v/(-7))/((-27)/1134). Calculate the greatest common divisor of 184 and r.
8
Suppose -y - 86*k = -85*k - 21787, 0 = -3*y - 5*k + 65351. Calculate the greatest common factor of 32 and y.
32
Let q(k) = k**2 + 17*k + 86. Suppose -7*h = -2*h - 5, 40 = -2*s + 4*h. Let u be q(s). Let i = 23 + -10. Calculate the highest common divisor of u and i.
13
Let u be 1 + 0 + -4 + 6840/(-36). Let a = u + 196. What is the highest common factor of a and 48?
3
Suppose 2*x = -3*y - 8, -x - 1 = -0. Let l be y + -2 + 11/((-33)/(-84)). Let h = 19 + -13. What is the greatest common divisor of l and h?
6
Let b = 2410 + -2254. Let a be 3/(-6)*6 - 129. Let n = a + b. What is the greatest common factor of n and 32?
8
Suppose 42 = -8*k + 122. Let i be 22/k - (-3)/(-15). Suppose -29 = i*a - 33. Calculate the greatest common divisor of a and 10.
2
Let n be 2 + 158 + (45 - 51 - 3/(-1)). What is the highest common factor of 3768 and n?
157
Suppose 5*t + 3*v = 1032, -65*t + 2*v - 824 = -69*t. Calculate the greatest common factor of 156 and t.
12
Let u = 277 - 148. Let p = u - 59. What is the highest common factor of p and 56?
14
Suppose -2*k + 96 = 2*j + 62, j + 7*k = 5. Calculate the highest common divisor of 2983 and j.
19
Suppose j = p + 9, 2*j + 0*p + p - 9 = 0. Suppose 101 = -3*s + j*s - 4*c, c - 141 = -4*s. Calculate the highest common divisor of s and 70.
35
Suppose -413*w + 391*w = -8448. Calculate the greatest common divisor of w and 9.
3
Let d = 630 + -394. What is the greatest common divisor of d and 6254?
118
Let y = -145 - -113. Let i be y/(-24)*84/8. What is the greatest common divisor of i and 21?
7
Let l be -6*3*-3 - (-37)/37. Let a(v) = 27*v + 2. Let n be a(4). Calculate the greatest common divisor of n and l.
55
Let d be 2/(11/((-2002)/(-28))). What is the greatest common divisor of d and 9724?
13
Suppose 24*s = 37 + 11. Suppose 62*o = 65*o + 3*k - 3, -s*o + 4*k = -32. What is the highest common divisor of 66 and o?
6
Let m(g) = -g**3 + 5*g**2 - 7*g + 5. Let q be m(4). Let t = -3 - q. Let f(j) = -468*j + 956. Let d be f(2). Calculate the greatest common factor of d and t.
4
Suppose -5909 = 36*m - 13807 - 10570. What is the highest common factor of m and 2280?
57
Suppose 6*b - 5*v - 876 = 1451, 2*v = 2*b - 774. Calculate the highest common factor of b and 8.
8
Let x = 2735 - 2671. What is the greatest common divisor of x and 2144?
32
Let p = -11 - -21. Suppose 4*v = -p*v + 630. Let b = 181 + 44. Calculate the greatest common factor of v and b.
45
Suppose -2*v = -2*b + 282, 0 = 4*v + b + 822 - 273. Let s be (-118)/(-5) + v/(-345). Calculate the greatest common divisor of s and 204.
12
Let u = 23602 + -23595. Suppose 3*p = -3 + 171. What is the greatest common factor of u and p?
7
Suppose -15*w + 8*w = -29*w + 13156. What is the greatest common factor of 104 and w?
26
Suppose -494*m - 27600 = -544*m. What is the highest common factor of m and 966?
138
Suppose 868*n = 871*n - 63. Suppose -3*l + 2310 = 2*l. Suppose -n*q + l = -18*q. Calculate the greatest common factor of 14 and q.
14
Let y = 256 + 58. Suppose 76 = 13*u - y. Calculate the greatest common factor of u and 100.
10
Let s(k) = -13*k - 236. Let y(w) = w**2 + 22*w + 86. Let l be y(-7). Let b be s(l). What is the greatest common factor of b and 363?
11
Suppose 4*o + 21 - 28 - 45 = 0. What is the greatest common factor of 9711 and o?
13
Let n = 776 + -776. Suppose -66 = 4*u + 5*d - 275, -2*u - d + 97 = n. What is the greatest common factor of u and 6?
2
Let a be -1 + -3 + -8 + 749. What is the greatest common factor of 603 and a?
67
Let b be -4*6/108 + 13400/(-45). Let g = b + 318. What is the greatest common factor of g and 190?
10
Suppose 0 = 4*f + 2*x - 4872, f - x - 793 = 416. Calculate the highest common divisor of f and 75.
15
Let l be (1 - 297/45)*-25. Calculate the greatest common divisor of 448 and l.
28
Let v = -6833 - -11486. Calculate the greatest common divisor of v and 11.
11
Let z be (860 + -862)*-1*508/(-2)*-2. What is the greatest common divisor of 2413 and z?
127
Let f be -21*(28/(-6) - -3). Let w be 39 + (-7)/(f/15). Suppose -3*p = p - d - w, 0 = 5*d. What is the greatest common factor of p and 36?
9
Let u = -182 - -192. Suppose -2*h + 408 = u*h. What is the highest common factor of h and 51?
17
Let u = -2535 - -5573. Calculate the greatest common factor of 62 and u.
62
Let j be (20 + 2272/(-48))/(-1 + (-128)/(-129)). Calculate the highest common factor of 86 and j.
86
Suppose 479 - 50 = -3*i. Let x = i + 144. Calculate the highest common divisor of 8 and x.
1
Suppose -396*g = -408*g + 108. Calculate the greatest common divisor of 783 and g.
9
Let i(d) = 96*d**2 + 3. Let s be i(1). Let m = 62 - 53. What is the highest common divisor of m and s?
9
Let u(v) = 5*v**2 + 296*v + 117. Let b be u(-59). Calculate the highest common factor of b and 377.
29
Let q(s) = -s**3 - 6*s**2 - 24*s - 4. Let k be q(-10). What is the greatest common factor of k and 66?
6
Let x = -26084 + 35736. What is the highest common divisor of x and 304?
76
Let p(m) be the second derivative of m**3/6 + 23*m**2/2 + 54*m. Let l be p(13). Calculate the highest common factor of l and 36.
36
Suppose -183 = -2*m - 55. Let w = -2141 + 2143. Calculate the highest common factor of w and m.
2
Let f = 524 - 247. Let b = f + 24. What is the greatest common factor of b and 43?
43
Suppose 4*f - 20 = -2*t, -2*t - 2*f + 4 + 22 = 0. Let u = 4 + t. Let q = -11 - -19. Calculate the highest common divisor of u and q.
4
Let j be 45/(-18)*8/(-5). Let o = -189 + 249. Calculate the greatest common divisor of o and j.
4
Let k be 8080/24 + ((-4)/(-8))/(3/(-4)). Calculate the greatest common factor of k and 3864.
168
Let m(d) = 24*d + 51. Let n be m(-8). Let w = 196 + n. What is the highest common factor of 220 and w?
55
Let j(k) = k**2 - 11*k - 34. Suppose 14 + 0 = -a - 2*n, a - 2*n = 6. Let q be j(a). What is the highest common divisor of q and 26?
26
Let x = -19875 + 20343. What is the greatest common factor of x and 208?
52
Let y(x) = -x**2 + 12*x - 7. Suppose -27*z + 40 = -22*z. Let k be y(z). What is the greatest common factor of 125 and k?
25
Suppose -30 = -a - 20. Let c(g) = 5*g**2 + 18*g + 22. Let o be c(a). Calculate the highest common divisor of 156 and o.
78
Let m be 1/(-4) + (-19917)/(-36) + 27. Calculate the highest common factor of 1044 and m.
116
Let n = 1990 + -1946. What is the highest common factor of n and 231?
11
Let k be (92/(-6))/(4/(-90)). Let h = -2678 + 2708. Calculate the greatest common divisor of h and k.
15
Let w = -31309 + 31321. Let x(l) = l**3 - l**2 + 4*l. Let f be x(3). What is the greatest common factor of f and w?
6
Suppose 152 = 4*t + 4*w, t + 3*w + 2 = 50. Calculate the greatest common factor of t and 3509.
11
Let i(x) = 96*x**2 + 67*x - 588. Let t be i(11). What is the highest common divisor of 91 and t?
13
Let t(v) = -v**2 - 28*v - 164. Let w be t(-13). Suppose -g = -k - 44 - w, g - 2*k - 74 = 0. Calculate the highest common factor of 1216 and g.
76
Let f = 2 - -1. Suppose -s = f*u - 35, -7*u + 3*u + 85 = 3*s. Suppose -3*k = q - s, 3*q - 61 = -0*q - k. Calculate the highest common divisor of 4 and q.
4
Suppose -27*k + 1245 = -24*k. Suppose 0 = -5*m + u + k, -2*u + 20 = 2*u. Suppose 4*b - 266 + 42 = 0. What is the highest common factor of m and b?
28
Let t(r) = r**2 - 30*r - 1057. Let f be t(51). Calculate the greatest common factor of f and 162.
2
Let p be -5*(-10)/25 + 2. Let g(u) = 92*u - 60. Let x be g(p). What is the highest common factor of x and 28?
28
Let t(j) = -j**3 - 8*j**2 + 21*j + 15. Let x be t(-10). What is the greatest common factor of 1735 and x?
5
Let m = 9 - 1. Suppose -p + 56 = p. Suppose -25*k - 96 = -p*k. What is the highest common factor of k and m?
8
Let u be ((-30)/(-25) - 68/15)/((-10)/2